et d(y) be the first derivative of -y**5/40 + y**4/24 + y**3/3 + 13*y - 96. Let m(s) be the third derivative of d(s). Determine m(5).
-14
Let k(l) = l**3 - 4*l**2 + 10. Suppose -2 = 5*m + v, 5*m - 2*m - 6 = 3*v. Give k(m).
10
Let x(k) = -k - 52. Suppose -144*u - 1527 = -231. Calculate x(u).
-43
Suppose 5*o + 2448 = -13*o. Let y = -136 - o. Let t(s) = s**3 + s**2 - s + 20. What is t(y)?
20
Suppose t + 5*l = 14, -5*t + 3*t - 3*l = -14. Let n = 6 - t. Let i(w) be the first derivative of w**3/3 + w**2/2 - 2*w - 6484. Calculate i(n).
4
Let q(b) = -b**3 + 68*b**2 - 629*b + 105. Let x be q(57). Let h(z) = -z + 47. What is h(x)?
56
Let n = -1 - -3. Let s(p) = 13*p**3 - 2*p**2 + 3*p + 2. What is s(n)?
104
Let a(p) = 5*p**3 + 9*p**2 - 145*p - 53. Let k(o) = o**3 + 2*o**2 - 26*o - 11. Let h(t) = -2*a(t) + 11*k(t). Determine h(3).
60
Let y(b) be the third derivative of b**5/60 + b**4/24 + 2*b**3/3 - 281*b**2 + b. Suppose 26 + 2 = 7*d. Give y(d).
24
Let v be 1*(0 - -2)*-5 + 5 + 2. Let h(a) = -7*a**2 - a + 9. Let o(s) = -10*s**2 - 2*s + 13. Let d(i) = 7*h(i) - 5*o(i). Determine d(v).
-2
Let i(t) = 23*t**2 - 62*t - 36. Let v(c) = 2*c**2 - 4*c - 2. Let a(d) = -2*i(d) + 22*v(d). Give a(18).
28
Let j(u) = -43*u**2 + 5*u - 26. Let l(x) = 15*x**2 - x + 9. Let k(i) = 6*j(i) + 17*l(i). What is k(4)?
1
Let k(w) = w**3 + w**2 - w - 20. Let y be -2*(-2)/(-10) - (-1122)/55. Suppose 27*o - y*o = 0. Give k(o).
-20
Suppose 3*l - 142 = 4*c, 59*l - 61*l = 2*c - 90. Let o = -39 + l. Let z(v) = -2*v - 3. Determine z(o).
-17
Let q(p) = 2*p**2 - 4*p - 4. Let g(y) = -y**2 - 18*y - 22. Let z be g(-13). Suppose -5*a = -2*d + 9, -5*d - z*a - 24 = -40*a. What is q(d)?
26
Let s(m) = 3*m**3 - 16*m**2 + 10*m - 23. Let g be s(5). Let q(t) = 6 + g*t**3 - 14*t + 6*t**2 - 10*t**2 + 7*t + 0*t - t**3. Give q(5).
-4
Suppose -1 = -n + 4. Suppose 0 = -5*d - 5 - n. Let q(f) be the third derivative of f**4/8 - 570*f**2. Determine q(d).
-6
Let b(c) = -14 + 6*c**3 - 5*c**3 - 26*c**2 - 120298*c + 120272*c. Calculate b(27).
13
Let g(m) = m**2 + 8*m + 8. Suppose 0 = -4*l - 2*z + 380, 4*z + 449 = 2*l + 3*l. Suppose l*q = 90*q - 30. Give g(q).
28
Let x(w) be the third derivative of -w**5/60 - 3*w**4/8 - w**3/2 + 647*w**2. Let o(m) = -m**2 - 11*m + 6. Let d be o(-12). What is x(d)?
15
Let w(d) = d**2 - 59*d - 58. Let n be w(60). Let f(o) = 5 + 6*o - 3 - 2 + 1. What is f(n)?
13
Let p(f) = -f**3 + 8*f**2 + 12*f - 18. Let u = -51 - -60. Let k be p(u). Let l be ((-1)/(-3))/(3/k). Let t(y) = 18*y**3 + y - 1. Calculate t(l).
18
Suppose 5*o + 3*t + 2 + 46 = 0, -5*t + 40 = -5*o. Let u(d) = -4*d - 11. Let s(c) = -11*c - 33. Let a(y) = -6*s(y) + 17*u(y). Give a(o).
29
Let r(j) = 13*j**3 + 4*j**2 - 3*j. Let v be r(1). Suppose v*o - 20*o = -30. Let z(a) = -10 - 4*a + o*a + 3 - 2. Give z(7).
-2
Let f = 160 + -152. Let i(z) = -293*z - 5 + 302*z - f*z**2 - 4 + z**3. Calculate i(7).
5
Let u(h) = -h**2 - 5*h + 101. Let o = -8389 + 8376. Calculate u(o).
-3
Let b be ((-9)/24 - 525/(-56))*16/72. Let l(n) = -5*n**2 - 3*n - 2. Let g(o) = 4*o**2 + 2*o + 2. Let h(f) = -4*g(f) - 3*l(f). Calculate h(b).
-4
Let h(m) = m**2 - 2*m**2 - m - 46 - 2*m**3 + 3*m**3 + 74 + 0*m. Let j be (-22)/(-2) + -6 + -5. Determine h(j).
28
Suppose 2*c - 5*c + 21 = 0. Let h(a) = -99*a + 1. Let o(r) = 40*r - 2. Let v(t) = 2*h(t) + 5*o(t). What is v(c)?
6
Suppose 18 = 3*v + 3. Let d(r) = 51*r. Let i(s) = -34 + 5*s + 34. Let k(a) = 2*d(a) - 21*i(a). Give k(v).
-15
Suppose -16*s = -22*s - 72. Let w be s/(-10) + (-6)/15*-2. Let r(u) be the second derivative of u**5/10 - u**4/3 + u**3/3 + u**2/2 + u. What is r(w)?
5
Let d(y) be the third derivative of y**5/60 - y**4/4 + y**3 - 18*y**2 + y. Suppose 20 = -1235*i + 1239*i. Determine d(i).
1
Let t = -19208 - -19209. Let m(b) = 7*b**2 + 10*b - 11. Calculate m(t).
6
Let g(i) = -4*i**2 + 156*i - 421. Let a be g(36). Let y(n) = -n**3 + 11*n**2 + 10*n - 24. What is y(a)?
86
Let u be 8/(-16)*24/(-2) + -419. Let y = 412 + u. Let j(c) = c + 2*c + 4*c. Give j(y).
-7
Let j(a) = -2*a**2 - 5*a + 5. Suppose -51*p + 128 = 383. Determine j(p).
-20
Let b(k) be the second derivative of 0 - 1/12*k**4 - 2*k**2 - 11*k + 7/6*k**3. Let c(i) = -2*i - 2. Let h be c(-4). Calculate b(h).
2
Let b(w) = w**2 + 19*w - 7. Let v = 18691 - 18708. Give b(v).
-41
Let j(r) = -2*r**2 - r + 2. Suppose -2*q + 85 = -5*i - 8, 0 = -4*i - 4. Suppose 5*x + q = -17*x. Give j(x).
-4
Let r(z) = -8*z**3 + 4*z**2 + 2*z + 1. Let s(q) = -3*q**3 - q**2 - q - 2. Let c(t) = r(t) - 3*s(t). Determine c(-5).
32
Suppose 5*s = 5*w - 5, s + 3*s = -3*w + 24. Let q(f) = 3*f + f**3 - 4*f + 1403 - 4*f**2 - 1406 + 2*f. Calculate q(w).
1
Let f(n) = -4 + 3*n - 8*n + 6*n + 0*n. Let x = -13573 - -13566. Give f(x).
-11
Suppose 0*t + 3*t - 3*t = 6*t. Let h(a) = 5*a**2 - a - 1. Let r be h(-1). Let v(p) = -5*p**2 + 0*p**3 + 4*p**2 - 4*p**3 + r + 5*p**3. Calculate v(t).
5
Let b(a) be the first derivative of a**6/120 - a**5/60 + a**4/24 - a**3/2 + 133*a**2/2 - 147. Let k(w) be the second derivative of b(w). Give k(0).
-3
Let q(b) be the third derivative of -19*b**4/12 - 125*b**3/6 - 5971*b**2. What is q(-4)?
27
Let r(p) = -2 - 3 + 21*p - 2. Let g(s) = 37 - 30 + 6 - 9 - 24 + 61*s. Let l(t) = -6*g(t) + 17*r(t). Determine l(2).
-17
Let b(r) = -r - 10. Let t be (6 - 0) + (1 - 4). Suppose t*c - g + 6 = 3, -15 = -5*c - 5*g. Suppose 4*a + c*a + 16 = -4*n, -4*a + 4*n - 40 = 0. Calculate b(a).
-3
Let d(x) = 2*x. Let p be 0/2 + 7 + -2. Suppose 3*j - z = -5*z - 16, 0 = -5*j + 5*z - 85. Let o be j/p + -1 + (-8)/(-20). Calculate d(o).
-6
Let a(v) = -5*v + 80. Let d be a(15). Suppose d*u = 5*b + 5, -8*u - 15 = -7*u + 3*b. Let x(f) = 3*f**3 + 4 - 2*f**3 - 2*f + f**2 - 1. Give x(u).
-9
Let j = -15 + 9. Let x be ((-2)/(-3))/((-35)/(-21) - 1). Let d(q) = 2*q - 8 + x + 10 - q. Calculate d(j).
-3
Let l(i) = 97*i - 105*i - i**2 - 2 - 1. Let a be (-5)/(-3) - (-4)/12. Suppose 0 = -v + a*v + 8. Give l(v).
-3
Let p(x) be the first derivative of x**6/36 - 10*x**3 + 41. Let v(z) be the third derivative of p(z). Calculate v(-1).
10
Let g(f) = -11*f**2 - f + 1. Let l = -31 - -62. Suppose -29 = 2*o - l. Give g(o).
-11
Let d(s) = 340 - s**2 - 110 + s**3 - 117 - 109 + 2*s**2. Determine d(-2).
0
Let o(y) = -2*y**2 - 4*y + 2. Let s(z) = z**3 - 3*z**2 + 2*z - 1. Let t be s(2). Let h be ((-3)/t)/(6/(-8)). What is o(h)?
-14
Suppose -3*y + 7*y - 42 = 2*g, 5*y - 3*g = 51. Let t(v) = 5*v - 3*v - y*v - v - v. Suppose -l + s = 2, 2*l + 3*s = 8*s - 13. Calculate t(l).
-12
Let f(w) = w**2 + 33*w - 106. Let c be 3 + (10 + (-15 - -5))/(-3). What is f(c)?
2
Suppose -74*d = -520 + 742. Let u(s) = 3*s + 2 - 3*s - 2*s. Give u(d).
8
Let p(c) = c**3 + 58*c**2 + 5*c + 1. Let o(h) = -3*h**3 - 187*h**2 - 14*h - 4. Let g(r) = -4*o(r) - 13*p(r). Determine g(-3).
3
Let l(m) = -m**3 - 8*m**2 - 13*m + 1. Suppose 4*d + 36 = -4*b, 3*b - 125 + 124 = 4*d. What is l(b)?
-9
Let a(u) be the first derivative of 37*u**2 - 169 - 10*u**2 - 4*u - 14*u**2 - 14*u**2. Determine a(-5).
6
Let k(r) = r**3 - 2*r**2 + 3*r - 1. Suppose -13 = 5*y - 4*q + 4, 4*q + 18 = -2*y. Let m be y/(20/16) - (-6 - 0). Give k(m).
5
Suppose -369 = -15*p + 996. Suppose -t = -14*t + p. Let u(y) = -y + 3 - 2 + 9. What is u(t)?
3
Suppose -7 = 5*g - 6*g. Let s(q) = 1 + q - g*q**2 + 7*q**2 - q**3 - 5*q**2 - 5*q. What is s(-4)?
1
Let c(u) = -2*u**2 - 171 + 153 + 13*u + 1. What is c(8)?
-41
Let y(s) = 1 + 3*s - 5 + s + 8*s. Let l(z) be the second derivative of -z**3/6 + 8*z + 5. Let t(p) = -10*l(p) - y(p). Determine t(4).
-4
Let b(j) = 5*j**3 - j**2 + 7*j - 6. Suppose 4*q = 16*q - 24. Let f(s) = -4*s**3 + 2*s**2 - 6*s + 5. Let n(z) = q*b(z) + 3*f(z). Determine n(2).
-5
Let w(s) = -1309*s + 136. Let y(v) = -135*v + 14. Let x(j) = 7*w(j) - 68*y(j). Determine x(-1).
-17
Let m(u) be the third derivative of -u**5/60 - 11*u**4/24 + 19*u**3/6 - 15*u**2 + 17*u. Calculate m(-13).
-7
Let u(t) be the third derivative of -t**4/8 - 9*t**2. Suppose -5*v + 30 = 5. Suppose 1 - v = -2*y. Determine u(y).
-6
Let n(i) = -i**3 + 10*i**2 - i + 8. Let c be (-611)/(-52) + (-2)/(-8). Let b be ((-19)/(-2) - 18/c) + 2. What is n(b)?
-2
Let s(l) = -13*l**2 - l. Let m(u) = -26 - 20 - 2*u**2 + 45 + u. Let d(p) = -6*m(p) + s(p). Calculate d(-7).
6
Let g be 2*(-3)/21 + (-16)/(-7). Let k(w) = 5*w + 0*w**2 + 0*w**2 - 